j + 10, 2*b = -b - v*j. Suppose 3*y - 22 = -h, -4*h + b*y + 43 = -87. Is h composite?
False
Let s = -9 - -4. Let q = 10 + s. Suppose q*p = 3*i - 71 - 63, -2*i + 3*p = -91. Is i a prime number?
True
Let c be (-40)/6 + 4/6. Let k(l) = -l**2 - 8*l + 3. Is k(c) a composite number?
True
Let q = 710 + -269. Suppose 0 = -4*t + 443 + q. Is t a prime number?
False
Is (-794)/(2*-2 - -2) a composite number?
False
Let x = 3 - 3. Is -3 + (-432 - x)/(-3) a prime number?
False
Suppose 0 = -0*p - p. Let h(u) = -u + 127. Is h(p) composite?
False
Let u be (-2)/(4143/1383 + -3). Suppose -4*j + 0*j = 5*b - u, -4*j + 473 = b. Is j a prime number?
False
Let j be (-2)/(-4) + (-1980)/(-8). Suppose j = f + 3*f. Is f a prime number?
False
Suppose -2*d = -n + 86, 3*n = d + d + 78. Is (-15045)/(-27) - (-10)/d composite?
False
Suppose -4 = n - 2*n. Suppose n*d = 2*d + 48. Suppose 0 = -3*i - 3*u + 3, -d - 25 = -4*i + 5*u. Is i a prime number?
False
Suppose 5*n = -25, 3*x = 5*x - 3*n - 1921. Is x a prime number?
True
Let b = 90 - 51. Suppose 5*g = 874 - b. Is g prime?
True
Suppose -4*w + w + 1313 = 4*o, -2*w = 2. Is o prime?
False
Let w(r) = -r + 1. Suppose 2*s + 17 = -3*q, -s + 4*q + 21 = -2*s. Let z(l) = -2*l**2 + 6*l + 4. Let y(o) = s*z(o) - 3*w(o). Is y(6) composite?
False
Let m(k) = 14*k - 1. Let t be m(1). Is 1 + (-12)/(-2)*t a composite number?
False
Suppose -2*f - k - k - 6 = 0, 5*k = 0. Let j = f + 5. Suppose -g + 143 = -i + 4*i, -56 = -i - j*g. Is i a composite number?
True
Let c be 938*1 + 2/1. Suppose 3*h = 8*h + c. Let x = 331 + h. Is x composite?
True
Suppose -o = -3*r - 254 - 2049, -5*r + 4628 = 2*o. Is o prime?
True
Let m = -6 - -1. Is (m - -3)/(2/(-211)) prime?
True
Is ((-26)/(-7) - 4) + (-14970)/(-14) prime?
True
Let v be (4/10)/(1/(-5)). Let n be ((-5)/v)/((-1)/(-18)). Suppose -3*l = -0*l - n. Is l composite?
True
Let p be (-1)/((-2)/546) - 0. Let q = p - 188. Is q a composite number?
True
Let l(b) = -b**2 - 4*b - 3. Let r(g) = -g**2 - 5*g - 6. Let z be r(-4). Let f be l(z). Let x(a) = 15*a**2 - a. Is x(f) composite?
True
Let s = 14 + -8. Let b be (0 + 5)*s/10. Is ((-1)/b)/((-2)/294) a composite number?
True
Let p(s) = -3*s - 2*s + 1 + 24*s. Suppose -3*q + 12 = -0*q. Is p(q) composite?
True
Let o = 2003 - 1302. Is o prime?
True
Let k = 6 - 3. Suppose 0 = -k*z + 8*z - 5, 0 = 4*t + 4*z - 28. Is 2/(-4) + 969/t prime?
False
Suppose -3*u = -5*u, 5 = s - 4*u. Suppose s*m - 3*m = 38. Is m a composite number?
False
Let d(n) = n**3 - 9*n**2 + 11*n + 13. Is d(10) a prime number?
True
Let y = -592 + 939. Is y prime?
True
Let g = 1012 - 1995. Let l be ((-230)/(-8))/(1/(-24)). Let a = l - g. Is a a prime number?
True
Suppose 6*d - 219 = 3*d - 4*l, -4*d + 264 = -4*l. Is d a prime number?
False
Suppose -s = -2 - 125. Is s a prime number?
True
Let r be 4/10 + (-54)/(-15). Suppose j + r*l - 18 = 5, 2*l - 1 = 3*j. Is (3/j)/((-2)/(-68)) composite?
True
Let x = 14 + -51. Let y = x - -17. Let w = -6 - y. Is w prime?
False
Is -2 - (-1414)/3 - 9/27 a prime number?
False
Let z be (-82)/((-4)/(-16)*-2). Suppose -2*a + 638 = -z. Is a a composite number?
False
Let w = 152 + 71. Is w prime?
True
Suppose 0*s - 2*s + u = -17, -2*s + 11 = 5*u. Suppose -38 = -3*q - s. Is q composite?
True
Let k be (-3 - -4) + 3 + -1. Suppose -k*a = -2*n - 2, n + 4*n = 5*a. Suppose 64 = -n*y + 218. Is y a prime number?
False
Suppose 3*z + 4*t + 2 = -t, 0 = -3*z + t + 4. Let h(q) = 67*q. Is h(z) a composite number?
False
Let p = 2257 - 390. Is p composite?
False
Let q(k) = 276*k**2 + 3*k. Let f(n) = 92*n**2 + n. Let v(t) = -17*f(t) + 6*q(t). Suppose -4*s + 24 = -2*i - 2*i, 0 = -2*i - 2*s + 8. Is v(i) a prime number?
False
Let q = -336 - -779. Is q composite?
False
Let s(w) = 2*w - 2. Let x be s(2). Suppose x*u = 110 - 42. Is u a composite number?
True
Let m = -11 - -11. Suppose m = 6*r - 5*r - 127. Is r a composite number?
False
Let s(c) be the second derivative of -c**5/20 - c**4/12 + 5*c**3/6 + 2*c**2 - c. Let r be (4 - 3/3)*-1. Is s(r) composite?
False
Let r(q) = q**3 - 4*q**2 - 5*q - 6. Let c be r(5). Let t be 290/6 - 4/c. Suppose 56 = 3*i - t. Is i a prime number?
False
Let k = -14 - -288. Is k composite?
True
Let l = -1 + 8. Suppose -3*z = -2*v - 192, z + 4*v = -2*z + 192. Suppose 2*c + 5*t - z = 0, -c + t + l + 11 = 0. Is c composite?
True
Let z(x) = -x**3 - 8*x**2 - 7*x - 3. Let n be z(-7). Is 27/n*(1 + -2) a composite number?
True
Let f = 77 - -108. Is f prime?
False
Suppose -3 = 3*t - 15. Suppose -3*b + b + 10 = 0. Suppose h = -4*r + 6*r - 75, -t*r + b*h = -153. Is r a prime number?
True
Let l = 91 + -48. Suppose -w + 2*m = -l, -3*w - 4*m = -0*w - 169. Is w a composite number?
True
Let i(z) = -2*z**3 - 19*z**2 - 29*z - 25. Is i(-12) prime?
False
Let q(o) = 5*o**3 + 6*o - 7. Is q(4) a prime number?
True
Is 139/((-3 + 2)*-1) prime?
True
Suppose -r + 5 = 1. Suppose -5*v + 16 = r*f, 2*v - v = 4*f + 8. Suppose 884 = v*l + 256. Is l composite?
False
Let z(k) = 145*k. Let n(t) = t - 3. Let r be n(4). Is z(r) prime?
False
Suppose -185 = -4*s + y, 2*s - 2*y = s + 55. Is 4/(-10) - (-648)/s a prime number?
False
Suppose -2*p = 4*u - 2100 - 594, 0 = -u + p + 678. Let g = 47 - 223. Let c = u + g. Is c composite?
False
Let m = 156 + -65. Is m a composite number?
True
Suppose -4*x = -n + 14, -4*n - 4*x = -1 - 15. Suppose 21 = -3*f + 3*i, i = 3*f + 3*i + n. Is f/(-14) + 309/21 composite?
True
Let s = -1753 - -2457. Suppose -3*b - s = -5*b. Suppose -2*f + b = 4*g, -2*g + 182 = -3*f + f. Is g a composite number?
False
Let o(l) = -6*l + 2*l + 8*l - 4 + 2*l + l**2. Is o(-11) composite?
True
Is (-158561)/(-117) - 4/18 a prime number?
False
Is ((-2)/(-4))/(3/5334) a prime number?
False
Let t be 40/7 + 6/21. Let x(w) = -9*w**2 + 7*w + 3*w**2 + 5 + w**3 + w. Is x(t) a composite number?
False
Let d = -8 + 77. Suppose 0*y = 3*y - d. Is y a composite number?
False
Let m = -59 + 90. Is m a prime number?
True
Let z(o) = o**3 - 3*o - 5. Let l(h) = -h**3 - 5*h**2 + 6*h - 3. Let q be l(-6). Let n be -1*(q - (-1)/(-1)). Is z(n) prime?
True
Suppose 2*q = 7*q. Suppose p - 2 = -q*p. Let a = p - -113. Is a a composite number?
True
Let q(x) = x**3 + 7*x**2 - 3*x - 3. Let r be q(-5). Suppose l + l - 2*b = -r, 0 = l - 2*b + 35. Let u = 10 - l. Is u a prime number?
True
Let k(p) = 163*p + 1. Is k(6) prime?
False
Is (-3 - -1)/(5 - (-5571)/(-1113)) prime?
False
Let l be 1740/(-9) - 1/(-3). Let z = -82 - l. Is z composite?
True
Let w = -4 + 6. Suppose w*o = -5*l + 4, 0 = 2*l - 0*o - o - 7. Let b(z) = 4*z**3 + z**2 - 2*z - 1. Is b(l) prime?
True
Let t = -17 - -19. Suppose -714 = -t*d - 4*d. Is d a prime number?
False
Let u(q) be the first derivative of -q**2 - 9*q + 3. Let i be u(-6). Let x(z) = 5*z**2 - 3*z + 1. Is x(i) a composite number?
False
Let r(w) = w**2 - 6*w + 6. Is r(9) a composite number?
True
Let u(g) = 2*g - 8. Let d = 0 - -7. Let k be u(d). Suppose -f - k = -59. Is f a prime number?
True
Suppose -4*s - 13 = -4*w + 27, -4*w - 4*s = -64. Is w composite?
False
Let o(q) = -8*q**2 + q + 1. Let f be o(-2). Let h = 106 - f. Is h a prime number?
True
Let d(l) = 0*l - 4 + 8*l + 3. Let v be (0 - -1)*-1*-1. Is d(v) a composite number?
False
Let v = 228 + -115. Is v a composite number?
False
Let m = -1879 + 3278. Is m composite?
False
Suppose 0 = 3*x - 5*x + 886. Suppose 5*m + x = 3*w, -5*m = -2*w + w + 161. Is w a composite number?
True
Let k = -5 + 16. Let w = k + 14. Is w composite?
True
Is (3 + -2)/(1/677) composite?
False
Suppose 2*f = 1 - 5, o = -3*f + 2111. Is o composite?
True
Let w(z) be the third derivative of -z**4/24 + 55*z**3/6 - 5*z**2. Is w(0) prime?
False
Let m(t) be the second derivative of -1/20*t**5 + 0 - 7/2*t**2 - 1/4*t**4 + 2*t - 1/3*t**3. Is m(-7) a composite number?
True
Suppose 0 = 3*j - 3*q, -3*j + 16 = 2*q + 3*q. Let u be (j - -7) + 3 + -2. Suppose y + 47 = 2*b, u*y = 5*y - 5. Is b a prime number?
True
Let x(n) = 18*n - 7*n + 15 + 9*n. Is x(11) prime?
False
Let c be (-5 - -5)*(-2)/(-4). Suppose -5*y + 4*y + 3*i + 12 = c, -3 = i. Let k = y + 34. Is k a prime number?
True
Let y = 12315 - 6566. Is y composite?
False
Let c(t) be the third derivative of t**7/180 + t**6/720 + t**5/30 - t**4/24 + 4*t**2. Let u(b) be the second derivative of c(b). Is u(-3) prime?
True
Is (1 + 0)/((-3)/(-21)) prime?
True
Suppose -